{"id":40593,"date":"2025-09-29T18:57:28","date_gmt":"2025-09-29T18:57:28","guid":{"rendered":"https:\/\/ange.org.br\/ange\/?post_type=profiles&#038;p=40593"},"modified":"2026-03-28T15:20:32","modified_gmt":"2026-03-28T15:20:32","slug":"carlos-leonardo-queiroz-almeida","status":"publish","type":"profiles","link":"https:\/\/ange.org.br\/ange\/profiles\/carlos-leonardo-queiroz-almeida\/","title":{"rendered":"Carlos Leonardo Queiroz Almeida"},"content":{"rendered":"\t\t<div data-elementor-type=\"wp-post\" data-elementor-id=\"40593\" class=\"elementor elementor-40593\">\n\t\t\t\t<div class=\"elementor-element elementor-element-5f41757 e-flex e-con-boxed cmsmasters-block-default e-con e-parent\" data-id=\"5f41757\" data-element_type=\"container\" data-e-type=\"container\">\n\t\t\t\t\t<div class=\"e-con-inner\">\n\t\t\t\t<div class=\"elementor-element elementor-element-e4b3440 cmsmasters-block-default cmsmasters-sticky-default elementor-widget elementor-widget-text-editor\" data-id=\"e4b3440\" data-element_type=\"widget\" data-e-type=\"widget\" data-widget_type=\"text-editor.default\">\n\t\t\t\t\t\t\t\t\t\n<p>Graduado em Direito, Especializa\u00e7\u00e3o em Direito Processual Tribut\u00e1rio, Mestre e Doutorando em Direito pala Universidade de Bras\u00edlia. Integra a Linha de pesquisa sobre Transforma\u00e7\u00f5es na Ordem Social e Econ\u00f4mica e Regula\u00e7\u00e3o, onde desenvolve pesquisas sobre Tributa\u00e7\u00e3o e Ra\u00e7a.<\/p>\n\t\t\t\t\t\t\t\t<\/div>\n\t\t\t\t\t<\/div>\n\t\t\t\t<\/div>\n\t\t<div class=\"elementor-element elementor-element-819d6f8 e-flex e-con-boxed cmsmasters-block-default e-con e-parent\" data-id=\"819d6f8\" data-element_type=\"container\" data-e-type=\"container\">\n\t\t\t\t\t<div class=\"e-con-inner\">\n\t\t\t\t<div class=\"elementor-element elementor-element-7ab75ca cmsmasters--custom-image-ratio cmsmasters-blog--layout-default cmsmasters-blog-grid-marker__marker-icon cmsmasters-pagination--pagination cmsmasters-pagination-pagination-type--numbers_and_prev_next cmsmasters-block-default cmsmasters-sticky-default elementor-widget elementor-widget-cmsmasters-blog-grid elementor-widget-cmsmasters-blog-similar\" data-id=\"7ab75ca\" data-element_type=\"widget\" data-e-type=\"widget\" data-settings=\"{&quot;columns&quot;:&quot;2&quot;,&quot;blog_layout&quot;:&quot;default&quot;,&quot;columns_mobile&quot;:&quot;1&quot;,&quot;blog_post_type&quot;:&quot;post&quot;,&quot;query_control_prefix&quot;:&quot;blog&quot;,&quot;post_gap_column&quot;:{&quot;unit&quot;:&quot;px&quot;,&quot;size&quot;:&quot;&quot;,&quot;sizes&quot;:[]},&quot;post_gap_column_widescreen&quot;:{&quot;unit&quot;:&quot;px&quot;,&quot;size&quot;:&quot;&quot;,&quot;sizes&quot;:[]},&quot;post_gap_column_tablet&quot;:{&quot;unit&quot;:&quot;px&quot;,&quot;size&quot;:&quot;&quot;,&quot;sizes&quot;:[]},&quot;post_gap_row&quot;:{&quot;unit&quot;:&quot;px&quot;,&quot;size&quot;:&quot;&quot;,&quot;sizes&quot;:[]},&quot;post_gap_row_widescreen&quot;:{&quot;unit&quot;:&quot;px&quot;,&quot;size&quot;:&quot;&quot;,&quot;sizes&quot;:[]},&quot;post_gap_row_tablet&quot;:{&quot;unit&quot;:&quot;px&quot;,&quot;size&quot;:&quot;&quot;,&quot;sizes&quot;:[]},&quot;post_gap_row_mobile&quot;:{&quot;unit&quot;:&quot;px&quot;,&quot;size&quot;:&quot;&quot;,&quot;sizes&quot;:[]},&quot;border_columns_type&quot;:&quot;solid&quot;,&quot;border_vertical_width&quot;:{&quot;unit&quot;:&quot;px&quot;,&quot;size&quot;:1,&quot;sizes&quot;:[]},&quot;border_vertical_width_widescreen&quot;:{&quot;unit&quot;:&quot;px&quot;,&quot;size&quot;:&quot;&quot;,&quot;sizes&quot;:[]},&quot;border_vertical_width_tablet&quot;:{&quot;unit&quot;:&quot;px&quot;,&quot;size&quot;:&quot;&quot;,&quot;sizes&quot;:[]},&quot;border_vertical_width_mobile&quot;:{&quot;unit&quot;:&quot;px&quot;,&quot;size&quot;:&quot;&quot;,&quot;sizes&quot;:[]},&quot;border_horizontal_width&quot;:{&quot;unit&quot;:&quot;px&quot;,&quot;size&quot;:&quot;&quot;,&quot;sizes&quot;:[]},&quot;border_horizontal_width_widescreen&quot;:{&quot;unit&quot;:&quot;px&quot;,&quot;size&quot;:&quot;&quot;,&quot;sizes&quot;:[]},&quot;border_horizontal_width_tablet&quot;:{&quot;unit&quot;:&quot;px&quot;,&quot;size&quot;:&quot;&quot;,&quot;sizes&quot;:[]},&quot;border_horizontal_width_mobile&quot;:{&quot;unit&quot;:&quot;px&quot;,&quot;size&quot;:&quot;&quot;,&quot;sizes&quot;:[]},&quot;pagination_show&quot;:&quot;yes&quot;,&quot;pagination_type&quot;:&quot;pagination&quot;,&quot;pagination_via_ajax&quot;:&quot;yes&quot;,&quot;pagination_save_state&quot;:&quot;yes&quot;}\" data-widget_type=\"cmsmasters-blog-grid.default\" data-document-id=\"40593\">\n\t\t\t\t\t<div class=\"cmsmasters-blog cmsmasters-blog-grid cmsmasters-blog--type-default\"><div class=\"cmsmasters-blog__posts-variable\"><div class=\"cmsmasters-blog__posts-wrap\"><div class=\"cmsmasters-blog__posts\"><article id=\"post-41280\" class=\"cmsmasters-blog__post post-41280 post type-post status-publish format-standard hentry category-carlos-leonardo-queiroz-almeida\"><div class=\"cmsmasters-blog__post-inner\"><h3 class=\"cmsmasters-blog__post-title\"><a href=\"https:\/\/ange.org.br\/ange\/2026\/03\/25\/decifra-me-ou-te-devoro-um-debate-sobre-racismo-e-futebol\/\">Decifra-me ou te devoro: um debate sobre racismo e futebol.<\/a><\/h3><div class=\"cmsmasters-blog__post-excerpt\">Artigo de Opini\u00e3o. Carlos Leonardo Queiroz Almeida. 2019. Dispon\u00edvel em: https:\/\/www.bnews.com.br\/amp\/noticias\/artigo\/1081-decifra-me-ou-te-devoro-um-debate-sobre-racismo-e-futebol.html<\/div><\/div><\/article><article id=\"post-41278\" class=\"cmsmasters-blog__post post-41278 post type-post status-publish format-standard hentry category-carlos-leonardo-queiroz-almeida\"><div class=\"cmsmasters-blog__post-inner\"><h3 class=\"cmsmasters-blog__post-title\"><a href=\"https:\/\/ange.org.br\/ange\/2026\/03\/25\/tributacao-e-racismo-um-debate-urgente\/\">Tributa\u00e7\u00e3o e Racismo: um debate urgente.<\/a><\/h3><div class=\"cmsmasters-blog__post-excerpt\">Artigo \/ Ensaio. Carlos Leonardo Queiroz Almeida. 2017. Dispon\u00edvel em: https:\/\/patrialatina.com.br\/tributacao-e-racismo-um-debate-urgente\/<\/div><\/div><\/article><article id=\"post-41275\" class=\"cmsmasters-blog__post post-41275 post type-post status-publish format-standard hentry category-carlos-leonardo-queiroz-almeida\"><div class=\"cmsmasters-blog__post-inner\"><h3 class=\"cmsmasters-blog__post-title\"><a href=\"https:\/\/ange.org.br\/ange\/2026\/03\/25\/o-genocidio-da-juventude-negra-no-brasil\/\">O genoc\u00eddio da juventude negra no Brasil.<\/a><\/h3><div class=\"cmsmasters-blog__post-excerpt\">Artigo de Opini\u00e3o. Carlos Leonardo Queiroz Almeida. 2015. Dispon\u00edvel em: https:\/\/www.geledes.org.br\/o-genocidio-da-juventude-negra-no-brasil\/<\/div><\/div><\/article><article id=\"post-41273\" class=\"cmsmasters-blog__post post-41273 post type-post status-publish format-standard hentry category-carlos-leonardo-queiroz-almeida\"><div class=\"cmsmasters-blog__post-inner\"><h3 class=\"cmsmasters-blog__post-title\"><a href=\"https:\/\/ange.org.br\/ange\/2026\/03\/25\/o-stf-e-a-constitucionalidade-da-politica-de-cotas-etnico-raciais\/\">O STF e a Constitucionalidade da Pol\u00edtica de Cotas \u00c9tnico-raciais.<\/a><\/h3><div class=\"cmsmasters-blog__post-excerpt\">Apresenta\u00e7\u00e3o em Confer\u00eancia. Carlos Leonardo Queiroz Almeida. 2012.<\/div><\/div><\/article><article id=\"post-41271\" class=\"cmsmasters-blog__post post-41271 post type-post status-publish format-standard hentry category-carlos-leonardo-queiroz-almeida\"><div class=\"cmsmasters-blog__post-inner\"><h3 class=\"cmsmasters-blog__post-title\"><a href=\"https:\/\/ange.org.br\/ange\/2026\/03\/25\/praticas-pedagogicas-e-a-logica-meritocratica-na-universidade-federal-da-bahia\/\">Pr\u00e1ticas pedag\u00f3gicas e a l\u00f3gica meritocr\u00e1tica na Universidade Federal da Bahia.<\/a><\/h3><div class=\"cmsmasters-blog__post-excerpt\">Apresenta\u00e7\u00e3o em Congresso. Carlos Leonardo Queiroz Almeida. 2006. Dispon\u00edvel em: https:\/\/flacso.redelivre.org.br\/files\/2012\/07\/332.pdf<\/div><\/div><\/article><article id=\"post-41269\" class=\"cmsmasters-blog__post post-41269 post type-post status-publish format-standard hentry category-carlos-leonardo-queiroz-almeida\"><div class=\"cmsmasters-blog__post-inner\"><h3 class=\"cmsmasters-blog__post-title\"><a href=\"https:\/\/ange.org.br\/ange\/2026\/03\/25\/caminhadas-de-universitarios-de-origem-popular-ufba\/\">Caminhadas de universit\u00e1rios de origem popular : UFBA<\/a><\/h3><div class=\"cmsmasters-blog__post-excerpt\">Cap\u00edtulo de Livro Carlos Leonardo Queiroz Almeida 2006. Dispon\u00edvel em: https:\/\/observatoriodefavelas.org.br\/wp-content\/uploads\/2013\/12\/Caminhadas-de-universit%C3%A1rios-de-origem-popular-%E2%80%93-UFBA.pdf<\/div><\/div><\/article><\/div><\/div><\/div><\/div>\t\t\t\t<\/div>\n\t\t\t\t\t<\/div>\n\t\t\t\t<\/div>\n\t\t\t\t<\/div>\n\t\t","protected":false},"featured_media":41350,"template":"","meta":{"_acf_changed":false},"profile_category":[],"class_list":["post-40593","profiles","type-profiles","status-publish","has-post-thumbnail","hentry"],"acf":[],"_links":{"self":[{"href":"https:\/\/ange.org.br\/ange\/wp-json\/wp\/v2\/profiles\/40593","targetHints":{"allow":["GET"]}}],"collection":[{"href":"https:\/\/ange.org.br\/ange\/wp-json\/wp\/v2\/profiles"}],"about":[{"href":"https:\/\/ange.org.br\/ange\/wp-json\/wp\/v2\/types\/profiles"}],"version-history":[{"count":5,"href":"https:\/\/ange.org.br\/ange\/wp-json\/wp\/v2\/profiles\/40593\/revisions"}],"predecessor-version":[{"id":40894,"href":"https:\/\/ange.org.br\/ange\/wp-json\/wp\/v2\/profiles\/40593\/revisions\/40894"}],"wp:featuredmedia":[{"embeddable":true,"href":"https:\/\/ange.org.br\/ange\/wp-json\/wp\/v2\/media\/41350"}],"wp:attachment":[{"href":"https:\/\/ange.org.br\/ange\/wp-json\/wp\/v2\/media?parent=40593"}],"wp:term":[{"taxonomy":"profile_category","embeddable":true,"href":"https:\/\/ange.org.br\/ange\/wp-json\/wp\/v2\/profile_category?post=40593"}],"curies":[{"name":"wp","href":"https:\/\/api.w.org\/{rel}","templated":true}]}}

<div data-elementor-type="wp-post" data-elementor-id="40593" class="elementor elementor-40593">
				<div class="elementor-element elementor-element-5f41757 e-flex e-con-boxed cmsmasters-block-default e-con e-parent" data-id="5f41757" data-element_type="container" data-e-type="container">
					<div class="e-con-inner">
				<div class="elementor-element elementor-element-e4b3440 cmsmasters-block-default cmsmasters-sticky-default elementor-widget elementor-widget-text-editor" data-id="e4b3440" data-element_type="widget" data-e-type="widget" data-widget_type="text-editor.default">
									
<p>Graduado em Direito, Especialização em Direito Processual Tributário, Mestre e Doutorando em Direito pala Universidade de Brasília. Integra a Linha de pesquisa sobre Transformações na Ordem Social e Econômica e Regulação, onde desenvolve pesquisas sobre Tributação e Raça.</p>
								</div>
					</div>
				</div>
		<div class="elementor-element elementor-element-819d6f8 e-flex e-con-boxed cmsmasters-block-default e-con e-parent" data-id="819d6f8" data-element_type="container" data-e-type="container">
					<div class="e-con-inner">
				<div class="elementor-element elementor-element-7ab75ca cmsmasters--custom-image-ratio cmsmasters-blog--layout-default cmsmasters-blog-grid-marker__marker-icon cmsmasters-pagination--pagination cmsmasters-pagination-pagination-type--numbers_and_prev_next cmsmasters-block-default cmsmasters-sticky-default elementor-widget elementor-widget-cmsmasters-blog-grid elementor-widget-cmsmasters-blog-similar" data-id="7ab75ca" data-element_type="widget" data-e-type="widget" data-settings="{&quot;columns&quot;:&quot;2&quot;,&quot;blog_layout&quot;:&quot;default&quot;,&quot;columns_mobile&quot;:&quot;1&quot;,&quot;blog_post_type&quot;:&quot;post&quot;,&quot;query_control_prefix&quot;:&quot;blog&quot;,&quot;post_gap_column&quot;:{&quot;unit&quot;:&quot;px&quot;,&quot;size&quot;:&quot;&quot;,&quot;sizes&quot;:[]},&quot;post_gap_column_widescreen&quot;:{&quot;unit&quot;:&quot;px&quot;,&quot;size&quot;:&quot;&quot;,&quot;sizes&quot;:[]},&quot;post_gap_column_tablet&quot;:{&quot;unit&quot;:&quot;px&quot;,&quot;size&quot;:&quot;&quot;,&quot;sizes&quot;:[]},&quot;post_gap_row&quot;:{&quot;unit&quot;:&quot;px&quot;,&quot;size&quot;:&quot;&quot;,&quot;sizes&quot;:[]},&quot;post_gap_row_widescreen&quot;:{&quot;unit&quot;:&quot;px&quot;,&quot;size&quot;:&quot;&quot;,&quot;sizes&quot;:[]},&quot;post_gap_row_tablet&quot;:{&quot;unit&quot;:&quot;px&quot;,&quot;size&quot;:&quot;&quot;,&quot;sizes&quot;:[]},&quot;post_gap_row_mobile&quot;:{&quot;unit&quot;:&quot;px&quot;,&quot;size&quot;:&quot;&quot;,&quot;sizes&quot;:[]},&quot;border_columns_type&quot;:&quot;solid&quot;,&quot;border_vertical_width&quot;:{&quot;unit&quot;:&quot;px&quot;,&quot;size&quot;:1,&quot;sizes&quot;:[]},&quot;border_vertical_width_widescreen&quot;:{&quot;unit&quot;:&quot;px&quot;,&quot;size&quot;:&quot;&quot;,&quot;sizes&quot;:[]},&quot;border_vertical_width_tablet&quot;:{&quot;unit&quot;:&quot;px&quot;,&quot;size&quot;:&quot;&quot;,&quot;sizes&quot;:[]},&quot;border_vertical_width_mobile&quot;:{&quot;unit&quot;:&quot;px&quot;,&quot;size&quot;:&quot;&quot;,&quot;sizes&quot;:[]},&quot;border_horizontal_width&quot;:{&quot;unit&quot;:&quot;px&quot;,&quot;size&quot;:&quot;&quot;,&quot;sizes&quot;:[]},&quot;border_horizontal_width_widescreen&quot;:{&quot;unit&quot;:&quot;px&quot;,&quot;size&quot;:&quot;&quot;,&quot;sizes&quot;:[]},&quot;border_horizontal_width_tablet&quot;:{&quot;unit&quot;:&quot;px&quot;,&quot;size&quot;:&quot;&quot;,&quot;sizes&quot;:[]},&quot;border_horizontal_width_mobile&quot;:{&quot;unit&quot;:&quot;px&quot;,&quot;size&quot;:&quot;&quot;,&quot;sizes&quot;:[]},&quot;pagination_show&quot;:&quot;yes&quot;,&quot;pagination_type&quot;:&quot;pagination&quot;,&quot;pagination_via_ajax&quot;:&quot;yes&quot;,&quot;pagination_save_state&quot;:&quot;yes&quot;}" data-widget_type="cmsmasters-blog-grid.default" data-document-id="40593">
					<div class="cmsmasters-blog cmsmasters-blog-grid cmsmasters-blog--type-default"><div class="cmsmasters-blog__posts-variable"><div class="cmsmasters-blog__posts-wrap"><div class="cmsmasters-blog__posts"><article id="post-41280" class="cmsmasters-blog__post post-41280 post type-post status-publish format-standard hentry category-carlos-leonardo-queiroz-almeida"><div class="cmsmasters-blog__post-inner"><h3 class="cmsmasters-blog__post-title"><a href="https://ange.org.br/ange/2026/03/25/decifra-me-ou-te-devoro-um-debate-sobre-racismo-e-futebol/">Decifra-me ou te devoro: um debate sobre racismo e futebol.</a></h3><div class="cmsmasters-blog__post-excerpt">Artigo de Opinião. Carlos Leonardo Queiroz Almeida. 2019. Disponível em: https://www.bnews.com.br/amp/noticias/artigo/1081-decifra-me-ou-te-devoro-um-debate-sobre-racismo-e-futebol.html</div></div></article><article id="post-41278" class="cmsmasters-blog__post post-41278 post type-post status-publish format-standard hentry category-carlos-leonardo-queiroz-almeida"><div class="cmsmasters-blog__post-inner"><h3 class="cmsmasters-blog__post-title"><a href="https://ange.org.br/ange/2026/03/25/tributacao-e-racismo-um-debate-urgente/">Tributação e Racismo: um debate urgente.</a></h3><div class="cmsmasters-blog__post-excerpt">Artigo / Ensaio. Carlos Leonardo Queiroz Almeida. 2017. Disponível em: https://patrialatina.com.br/tributacao-e-racismo-um-debate-urgente/</div></div></article><article id="post-41275" class="cmsmasters-blog__post post-41275 post type-post status-publish format-standard hentry category-carlos-leonardo-queiroz-almeida"><div class="cmsmasters-blog__post-inner"><h3 class="cmsmasters-blog__post-title"><a href="https://ange.org.br/ange/2026/03/25/o-genocidio-da-juventude-negra-no-brasil/">O genocídio da juventude negra no Brasil.</a></h3><div class="cmsmasters-blog__post-excerpt">Artigo de Opinião. Carlos Leonardo Queiroz Almeida. 2015. Disponível em: https://www.geledes.org.br/o-genocidio-da-juventude-negra-no-brasil/</div></div></article><article id="post-41273" class="cmsmasters-blog__post post-41273 post type-post status-publish format-standard hentry category-carlos-leonardo-queiroz-almeida"><div class="cmsmasters-blog__post-inner"><h3 class="cmsmasters-blog__post-title"><a href="https://ange.org.br/ange/2026/03/25/o-stf-e-a-constitucionalidade-da-politica-de-cotas-etnico-raciais/">O STF e a Constitucionalidade da Política de Cotas Étnico-raciais.</a></h3><div class="cmsmasters-blog__post-excerpt">Apresentação em Conferência. Carlos Leonardo Queiroz Almeida. 2012.</div></div></article><article id="post-41271" class="cmsmasters-blog__post post-41271 post type-post status-publish format-standard hentry category-carlos-leonardo-queiroz-almeida"><div class="cmsmasters-blog__post-inner"><h3 class="cmsmasters-blog__post-title"><a href="https://ange.org.br/ange/2026/03/25/praticas-pedagogicas-e-a-logica-meritocratica-na-universidade-federal-da-bahia/">Práticas pedagógicas e a lógica meritocrática na Universidade Federal da Bahia.</a></h3><div class="cmsmasters-blog__post-excerpt">Apresentação em Congresso. Carlos Leonardo Queiroz Almeida. 2006. Disponível em: https://flacso.redelivre.org.br/files/2012/07/332.pdf</div></div></article><article id="post-41269" class="cmsmasters-blog__post post-41269 post type-post status-publish format-standard hentry category-carlos-leonardo-queiroz-almeida"><div class="cmsmasters-blog__post-inner"><h3 class="cmsmasters-blog__post-title"><a href="https://ange.org.br/ange/2026/03/25/caminhadas-de-universitarios-de-origem-popular-ufba/">Caminhadas de universitários de origem popular : UFBA</a></h3><div class="cmsmasters-blog__post-excerpt">Capítulo de Livro Carlos Leonardo Queiroz Almeida 2006. Disponível em: https://observatoriodefavelas.org.br/wp-content/uploads/2013/12/Caminhadas-de-universit%C3%A1rios-de-origem-popular-%E2%80%93-UFBA.pdf</div></div></article></div></div></div></div>				</div>
					</div>
				</div>
				</div>
